{"id":17878,"date":"2025-05-28T21:47:42","date_gmt":"2025-05-28T19:47:42","guid":{"rendered":"https:\/\/homejardins.com\/?post_type=product&#038;p=17878"},"modified":"2025-05-28T21:47:48","modified_gmt":"2025-05-28T19:47:48","slug":"karcher-k7-nettoyeur-haute-pression-premium-full-control-plus-home","status":"publish","type":"product","link":"https:\/\/homejardins.com\/index.php\/produit\/karcher-k7-nettoyeur-haute-pression-premium-full-control-plus-home\/","title":{"rendered":"KARCHER K7 Nettoyeur haute pression Premium Full Control Plus Home"},"content":{"rendered":"<p>Composition du lot : Nettoyeur haute pression K7 Premium Full Control Plus Home, Kit Home, nettoyeur de surfaces T 7 et 1 L de d\u00e9tergent pour pierres et fa\u00e7ades 3 en 1, Poign\u00e9e-pistolet, G 180 Q Full Control Plus, Lance d&rsquo;arrosage Multi Jet 3 en 1, Enrouleur de flexible haute pression, Flexible haute pression 10 m, Syst\u00e8me Quick Connect c\u00f4t\u00e9 appareil, Utilisation de d\u00e9tergents via, Syst\u00e8me Plug&rsquo;n&rsquo;Clean, Poign\u00e9e t\u00e9lescopique, Moteur refroidi \u00e0 l&rsquo;eau, Housse souple, Filtre \u00e0 eau int\u00e9gr\u00e9, Adaptateur raccord de tuyau d&rsquo;arrosage A3\/4&Prime;<\/p>\n<p>D\u00e9bit maximum : 600 L\/h<br \/>\nPression maximum : 180 bars<br \/>\nType de motorisation : Electrique<\/p>\n<p>Dimensions colis<br \/>\nPoids emball\u00e9 25,6 kg<\/p>\n<p>* Vos garanties incluses<\/p>\n<p>Garantie 2 ans &#8211;<br \/>\nGarantie additionnelle Garantie fournisseur : 3 ans &#8211;<\/p>\n","protected":false},"excerpt":{"rendered":"<p>Composition du lot : Nettoyeur haute pression K7 Premium Full Control Plus Home, Kit Home, nettoyeur de surfaces T 7<\/p>\n","protected":false},"featured_media":17908,"template":"","meta":[],"product_brand":[],"product_cat":[259,260],"product_tag":[],"class_list":{"0":"post-17878","1":"product","2":"type-product","3":"status-publish","4":"has-post-thumbnail","6":"product_cat-maison-jardin","7":"product_cat-nettoyeur-haute-pression","9":"first","10":"instock","11":"taxable","12":"shipping-taxable","13":"purchasable","14":"product-type-simple"},"_links":{"self":[{"href":"https:\/\/homejardins.com\/index.php\/wp-json\/wp\/v2\/product\/17878","targetHints":{"allow":["GET"]}}],"collection":[{"href":"https:\/\/homejardins.com\/index.php\/wp-json\/wp\/v2\/product"}],"about":[{"href":"https:\/\/homejardins.com\/index.php\/wp-json\/wp\/v2\/types\/product"}],"version-history":[{"count":1,"href":"https:\/\/homejardins.com\/index.php\/wp-json\/wp\/v2\/product\/17878\/revisions"}],"predecessor-version":[{"id":17909,"href":"https:\/\/homejardins.com\/index.php\/wp-json\/wp\/v2\/product\/17878\/revisions\/17909"}],"wp:featuredmedia":[{"embeddable":true,"href":"https:\/\/homejardins.com\/index.php\/wp-json\/wp\/v2\/media\/17908"}],"wp:attachment":[{"href":"https:\/\/homejardins.com\/index.php\/wp-json\/wp\/v2\/media?parent=17878"}],"wp:term":[{"taxonomy":"product_brand","embeddable":true,"href":"https:\/\/homejardins.com\/index.php\/wp-json\/wp\/v2\/product_brand?post=17878"},{"taxonomy":"product_cat","embeddable":true,"href":"https:\/\/homejardins.com\/index.php\/wp-json\/wp\/v2\/product_cat?post=17878"},{"taxonomy":"product_tag","embeddable":true,"href":"https:\/\/homejardins.com\/index.php\/wp-json\/wp\/v2\/product_tag?post=17878"}],"curies":[{"name":"wp","href":"https:\/\/api.w.org\/{rel}","templated":true}]}}