{"id":17882,"date":"2025-05-28T21:47:43","date_gmt":"2025-05-28T19:47:43","guid":{"rendered":"https:\/\/homejardins.com\/?post_type=product&#038;p=17882"},"modified":"2025-05-28T21:48:07","modified_gmt":"2025-05-28T19:48:07","slug":"bundle-lance-telescopique-haute-pression-tla-4-accessoire-special-vitres-et-facades-26442490","status":"publish","type":"product","link":"https:\/\/homejardins.com\/index.php\/produit\/bundle-lance-telescopique-haute-pression-tla-4-accessoire-special-vitres-et-facades-26442490\/","title":{"rendered":"Bundle Lance t\u00e9lescopique haute pression TLA 4 + Accessoire sp\u00e9cial vitres et fa\u00e7ades 26442490"},"content":{"rendered":"<p>Avec la lance t\u00e9lescopique, m\u00eame les endroits difficilement accessibles tels que les fa\u00e7ades peuvent \u00eatre nettoy\u00e9s rapidement et sans effort. L&rsquo;articulation r\u00e9glable \u00e0 180\u00b0 est un atout suppl\u00e9mentaire et favorise notamment le nettoyage de jardins d&rsquo;hiver, toits inclin\u00e9s et abris de voiture. Combin\u00e9e \u00e0 l&#8217;embout de nettoyage pour fa\u00e7ades et vitres, la lance t\u00e9lescopique permet de nettoyer uniform\u00e9ment et efficacement les zones difficiles d&rsquo;acc\u00e8s : les 4 buses haute pression install\u00e9es \u00e9liminent les salissures tenaces sur diverses surfaces<\/p>\n","protected":false},"excerpt":{"rendered":"<p>Avec la lance t\u00e9lescopique, m\u00eame les endroits difficilement accessibles tels que les fa\u00e7ades peuvent \u00eatre nettoy\u00e9s rapidement et sans effort.<\/p>\n","protected":false},"featured_media":17932,"template":"","meta":[],"product_brand":[],"product_cat":[259,260],"product_tag":[],"class_list":{"0":"post-17882","1":"product","2":"type-product","3":"status-publish","4":"has-post-thumbnail","6":"product_cat-maison-jardin","7":"product_cat-nettoyeur-haute-pression","9":"first","10":"instock","11":"taxable","12":"shipping-taxable","13":"purchasable","14":"product-type-simple"},"_links":{"self":[{"href":"https:\/\/homejardins.com\/index.php\/wp-json\/wp\/v2\/product\/17882","targetHints":{"allow":["GET"]}}],"collection":[{"href":"https:\/\/homejardins.com\/index.php\/wp-json\/wp\/v2\/product"}],"about":[{"href":"https:\/\/homejardins.com\/index.php\/wp-json\/wp\/v2\/types\/product"}],"version-history":[{"count":1,"href":"https:\/\/homejardins.com\/index.php\/wp-json\/wp\/v2\/product\/17882\/revisions"}],"predecessor-version":[{"id":17933,"href":"https:\/\/homejardins.com\/index.php\/wp-json\/wp\/v2\/product\/17882\/revisions\/17933"}],"wp:featuredmedia":[{"embeddable":true,"href":"https:\/\/homejardins.com\/index.php\/wp-json\/wp\/v2\/media\/17932"}],"wp:attachment":[{"href":"https:\/\/homejardins.com\/index.php\/wp-json\/wp\/v2\/media?parent=17882"}],"wp:term":[{"taxonomy":"product_brand","embeddable":true,"href":"https:\/\/homejardins.com\/index.php\/wp-json\/wp\/v2\/product_brand?post=17882"},{"taxonomy":"product_cat","embeddable":true,"href":"https:\/\/homejardins.com\/index.php\/wp-json\/wp\/v2\/product_cat?post=17882"},{"taxonomy":"product_tag","embeddable":true,"href":"https:\/\/homejardins.com\/index.php\/wp-json\/wp\/v2\/product_tag?post=17882"}],"curies":[{"name":"wp","href":"https:\/\/api.w.org\/{rel}","templated":true}]}}