{"id":17888,"date":"2025-05-28T21:47:43","date_gmt":"2025-05-28T19:47:43","guid":{"rendered":"https:\/\/homejardins.com\/?post_type=product&#038;p=17888"},"modified":"2025-05-28T22:19:23","modified_gmt":"2025-05-28T20:19:23","slug":"salon-de-jardin-7-pcs-et-coussins-et-oreillers-resine-tressee","status":"publish","type":"product","link":"https:\/\/homejardins.com\/index.php\/produit\/salon-de-jardin-7-pcs-et-coussins-et-oreillers-resine-tressee\/","title":{"rendered":"Salon de jardin 7 pcs et coussins et oreillers R\u00e9sine tress\u00e9e"},"content":{"rendered":"<div class=\"row description\">\n<div class=\"col-12\">\n<div class=\"value content\">\n<p>Cet ensemble de canap\u00e9s en r\u00e9sine tress\u00e9e, comprend 3 canap\u00e9s d&rsquo;angle, 2 canap\u00e9s centraux, 1 canap\u00e9 \u00e0 un e place, 1 table basse, 6 coussins de si\u00e8ge et 9 oreillers de dossier, offre un espace g\u00e9n\u00e9reux et reste aussi moderne avec une touche de classe pour votre jardin ou patio.<\/p>\n<p>&nbsp;<\/p>\n<p>Gr\u00e2ce \u00e0 la r\u00e9sine tress\u00e9e r\u00e9sistante \u00e0 l&rsquo;eau, l&rsquo;ensemble de canap\u00e9s de patio est facile \u00e0 nettoyer, r\u00e9sistant \u00e0 l&rsquo;usure et convient \u00e0 une utilisation quotidienne \u00e0 l&rsquo;ext\u00e9rieur. Cet ensemble est livr\u00e9 avec des coussins d&rsquo;assise et des coussins de dossier tr\u00e8s confortables et rembourr\u00e9s pour un soutien ultime, ce qui les rend aussi confortables que les canap\u00e9s d&rsquo;int\u00e9rieur. Les housses en polyester n\u00e9cessitant peu d&rsquo;entretien peuvent \u00e9galement \u00eatre enlev\u00e9es et lav\u00e9es. L&rsquo;ensemble en r\u00e9sine tress\u00e9e offre une flexibilit\u00e9 totale et peut \u00eatre facilement d\u00e9plac\u00e9 pour s&rsquo;adapter \u00e0 tous les d\u00e9cors. Cet ensemble de canap\u00e9 est facile \u00e0 assembler.<\/p>\n<p>&nbsp;<\/p>\n<p>Remarque : nous vous recommandons de couvrir l&rsquo;ensemble de meuble pendant la pluie, la neige et le gel pour une utilisation durable.<\/p>\n<\/div>\n<\/div>\n<\/div>\n<div class=\"js-ecotax-extra-description \"><\/div>\n<section class=\"pros-and-cons pros-and-cons--multiple-columns\" aria-labelledby=\"pros-and-cons\">\n<h2 id=\"pros-and-cons\" class=\"pros-and-cons__title heading-style--4\">Avantages et inconv\u00e9nients<\/h2>\n<div class=\"pros-and-cons__content\">\n<p><i class=\"pros-and-cons-item__icon v-icons notranslate\"><\/i>Cet article est durable et facile \u00e0 entretenir car il est fabriqu\u00e9 en rotin PE r\u00e9sistant aux intemp\u00e9ries<\/p>\n<p><i class=\"pros-and-cons-item__icon v-icons notranslate\"><\/i>Les coussins de si\u00e8ge sont inclus<\/p>\n<p class=\"pros-and-cons-item__text\">Le mat\u00e9riau est adapt\u00e9 \u00e0 une utilisation en ext\u00e9rieur<\/p>\n<p class=\"pros-and-cons-item__text\">Prot\u00e9ger avec une housse par temps humide et froid<\/p>\n<\/div>\n<\/section>\n<div class=\"product-specifications details\">\n<h2 class=\"title heading-style--4\">Sp\u00e9cifications<\/h2>\n<div class=\"value content\">\n<ul>\n<li>Couleur : gris<\/li>\n<li>Mat\u00e9riau : r\u00e9sine tress\u00e9e + cadre en acier enduit de poudre + verre<\/li>\n<li>Mat\u00e9riau du coussin et de la housse de coussin : 100 % polyester<\/li>\n<li><strong>Canap\u00e9 d&rsquo;angle :<\/strong><\/li>\n<li>Dimensions : 72 x 72 x 63 cm (l x P x H)<\/li>\n<li>Largeur du si\u00e8ge : 62 cm<\/li>\n<li>Profondeur du si\u00e8ge : 62 cm<\/li>\n<li>Hauteur du si\u00e8ge \u00e0 partir du sol sans le coussin : 33 cm<\/li>\n<li><strong>Canap\u00e9 central :<\/strong><\/li>\n<li>Dimensions : 68 x 72 x 63 cm (l x P x H)<\/li>\n<li>Largeur du si\u00e8ge : 68 cm<\/li>\n<li>Profondeur du si\u00e8ge : 62 cm<\/li>\n<li>Hauteur du si\u00e8ge \u00e0 partir du sol sans le coussin : 33 cm<\/li>\n<li><strong>Canap\u00e9 simple :<\/strong><\/li>\n<li>Dimensions : 80 x 72 x 63 cm (l x P x H)<\/li>\n<li>Largeur du si\u00e8ge : 60 cm<\/li>\n<li>Profondeur du si\u00e8ge : 62 cm<\/li>\n<li>Hauteur du si\u00e8ge \u00e0 partir du sol sans le coussin : 33 cm<\/li>\n<li>Dimensions de la table basse : 62 x 62 x 33 cm (L x l x H)<\/li>\n<li>\u00c9paisseur du coussin : 6 cm<\/li>\n<li>\u00c9paisseur de l&rsquo;oreiller : 15 cm<\/li>\n<li><strong>La livraison comprend :<\/strong><\/li>\n<li>3 x canap\u00e9 d&rsquo;angle<\/li>\n<li>2 x canap\u00e9 de centre<\/li>\n<li>1 x canap\u00e9 simple<\/li>\n<li>1 x table basse<\/li>\n<li>6 x coussin de si\u00e8ge<\/li>\n<li>9 x oreiller de dossier<\/li>\n<\/ul>\n<\/div>\n<\/div>\n","protected":false},"excerpt":{"rendered":"<p>Cet ensemble de canap\u00e9s en r\u00e9sine tress\u00e9e, comprend 3 canap\u00e9s d&rsquo;angle, 2 canap\u00e9s centraux, 1 canap\u00e9 \u00e0 un e place,<\/p>\n","protected":false},"featured_media":17964,"template":"","meta":[],"product_brand":[],"product_cat":[259,262],"product_tag":[],"class_list":{"0":"post-17888","1":"product","2":"type-product","3":"status-publish","4":"has-post-thumbnail","6":"product_cat-maison-jardin","7":"product_cat-salon-de-jardin","9":"first","10":"instock","11":"taxable","12":"shipping-taxable","13":"purchasable","14":"product-type-simple"},"_links":{"self":[{"href":"https:\/\/homejardins.com\/index.php\/wp-json\/wp\/v2\/product\/17888","targetHints":{"allow":["GET"]}}],"collection":[{"href":"https:\/\/homejardins.com\/index.php\/wp-json\/wp\/v2\/product"}],"about":[{"href":"https:\/\/homejardins.com\/index.php\/wp-json\/wp\/v2\/types\/product"}],"version-history":[{"count":1,"href":"https:\/\/homejardins.com\/index.php\/wp-json\/wp\/v2\/product\/17888\/revisions"}],"predecessor-version":[{"id":17965,"href":"https:\/\/homejardins.com\/index.php\/wp-json\/wp\/v2\/product\/17888\/revisions\/17965"}],"wp:featuredmedia":[{"embeddable":true,"href":"https:\/\/homejardins.com\/index.php\/wp-json\/wp\/v2\/media\/17964"}],"wp:attachment":[{"href":"https:\/\/homejardins.com\/index.php\/wp-json\/wp\/v2\/media?parent=17888"}],"wp:term":[{"taxonomy":"product_brand","embeddable":true,"href":"https:\/\/homejardins.com\/index.php\/wp-json\/wp\/v2\/product_brand?post=17888"},{"taxonomy":"product_cat","embeddable":true,"href":"https:\/\/homejardins.com\/index.php\/wp-json\/wp\/v2\/product_cat?post=17888"},{"taxonomy":"product_tag","embeddable":true,"href":"https:\/\/homejardins.com\/index.php\/wp-json\/wp\/v2\/product_tag?post=17888"}],"curies":[{"name":"wp","href":"https:\/\/api.w.org\/{rel}","templated":true}]}}