{"id":18141,"date":"2025-06-05T02:17:35","date_gmt":"2025-06-05T00:17:35","guid":{"rendered":"https:\/\/homejardins.com\/?post_type=product&#038;p=18141"},"modified":"2025-06-27T21:34:15","modified_gmt":"2025-06-27T19:34:15","slug":"spa-gonflable-intex-purespa-chevron-6-places","status":"publish","type":"product","link":"https:\/\/homejardins.com\/index.php\/produit\/spa-gonflable-intex-purespa-chevron-6-places\/","title":{"rendered":"Spa gonflable Intex PureSpa Chevron 6 places"},"content":{"rendered":"<h3>Le spa Chevron 6 places Intex, un spa connect\u00e9 au design original<\/h3>\n<p>Derri\u00e8re un\u00a0<strong>design nacr\u00e9 aux motifs originaux<\/strong>\u00a0se cache un spa connect\u00e9 qui vous apporte tout le n\u00e9cessaire pour vous relaxer apr\u00e8s une dure journ\u00e9e.<\/p>\n<p>De<strong>\u00a0forme carr\u00e9e<\/strong>, il ne passe pas inaper\u00e7u et vous assure un excellent rapport qualit\u00e9-prix. Il embarque les atouts essentiels d&rsquo;un PureSpa Intex, \u00e0 savoir :<\/p>\n<ul>\n<li><strong>6 places<\/strong>\u00a0afin de pouvoir profiter en famille ou entre amis d&rsquo;un moment de d\u00e9tente ;<\/li>\n<li><strong>170<\/strong>\u00a0diffuseurs de bulles ;<\/li>\n<li>Un bloc technique complet avec\u00a0<strong>syst\u00e8me de gonflage\/d\u00e9gonflage et st\u00e9rilisateur au sel int\u00e9gr\u00e9<\/strong>\u00a0;<\/li>\n<li>Un d\u00e9bit de filtration de\u00a0<strong>1,7 m\u00b3\/h<\/strong>\u00a0;<\/li>\n<li>Une structure r\u00e9sistante en PVC lamin\u00e9 triple \u00e9paisseurs accompagn\u00e9 de la\u00a0<strong>technologie Fiber tech.<\/strong><\/li>\n<\/ul>\n<p>&nbsp;<\/p>\n<p><img fetchpriority=\"high\" decoding=\"async\" class=\"size-medium wp-image-18138 aligncenter\" src=\"https:\/\/homejardins.com\/wp-content\/uploads\/2025\/06\/28472ex-spa-gonflable-intex-purespa-chevron-6-places-ambiance-2-300x300.webp\" alt=\"\" width=\"300\" height=\"300\" srcset=\"https:\/\/homejardins.com\/wp-content\/uploads\/2025\/06\/28472ex-spa-gonflable-intex-purespa-chevron-6-places-ambiance-2-300x300.webp 300w, https:\/\/homejardins.com\/wp-content\/uploads\/2025\/06\/28472ex-spa-gonflable-intex-purespa-chevron-6-places-ambiance-2-150x150.webp 150w, https:\/\/homejardins.com\/wp-content\/uploads\/2025\/06\/28472ex-spa-gonflable-intex-purespa-chevron-6-places-ambiance-2-430x430.webp 430w, https:\/\/homejardins.com\/wp-content\/uploads\/2025\/06\/28472ex-spa-gonflable-intex-purespa-chevron-6-places-ambiance-2.webp 700w\" sizes=\"(max-width: 300px) 100vw, 300px\" \/><\/p>\n<p><strong>Accessoires inclus<\/strong>\u00a0: couverture verrouillable et r\u00e9sistante, tapis de sol thermique, sac de transport, 2 cartouches de filtration.<\/p>\n<h3>Au chaud dans son spa Chevron<\/h3>\n<p>Avec ce spa Chevron, Intex diversifie un peu plus sa gamme en conjuguant originalit\u00e9 et performances \u00e0 la hauteur de nos esp\u00e9rances.<\/p>\n<p>Ses\u00a0<strong>170 diffuseurs \u00e0 bulles sont r\u00e9partis de part et d&rsquo;autre du fond en mousse<\/strong>, parfait pour une installation confortable dans une bulle de bien-\u00eatre.<\/p>\n<p>Par ailleurs, la mont\u00e9e en temp\u00e9rature est rapide, \u00e0 raison de\u00a0<strong>1 \u00e0 2 degr\u00e9s par heure, jusqu&rsquo;\u00e0 40\u00b0C maximum<\/strong>.<\/p>\n<p>Intex \u00e9quipe ses\u00a0<strong>spas gonflables d&rsquo;une tablette de commande tactile<\/strong>. Compl\u00e8te et pratique \u00e0 utiliser, elle est\u00a0<strong>sans-fil et peut ais\u00e9ment se d\u00e9tacher du bloc-moteur<\/strong>. Gr\u00e2ce \u00e0 une batterie optimale, elle tient jusqu&rsquo;\u00e0\u00a0<strong>48 heures hors de son support<\/strong>. Une attache est pr\u00e9sente sur le dessus de la structure gonflable pour accueillir le panneau de commande \u00e0 un endroit plus accessible pour l&rsquo;utilisateur.<\/p>\n<p>Enclenchez les diffuseurs \u00e0 bulles tonifiants en appuyant simplement sur le bouton correspondant et profitez ! Vous pouvez \u00e9galement y\u00a0<strong>r\u00e9gler le gonflage et d\u00e9gonflage de la structure, la filtration et le chauffage<\/strong>.<\/p>\n<h3>T\u00e9l\u00e9chargez l&rsquo;appli Intex Link pour g\u00e9rer le spa \u00e0 distance<\/h3>\n<p>Et si vous pouviez faire tout ce que vous faites sur votre le panneau de contr\u00f4le mais\u00a0<strong>\u00e0 distance<\/strong>\u00a0?<\/p>\n<p>Avec le spa Chevron, c&rsquo;est possible ! Gr\u00e2ce \u00e0\u00a0<strong>l&rsquo;application\u00a0<\/strong><strong>Intex Link &#8211; Spa Management\u00a0<\/strong>vous pourrez programmer<strong>\u00a0le chauffage, la filtration ou encore la st\u00e9rilisation de votre spa<\/strong>\u00a0o\u00f9 que vous soyez.<\/p>\n<p>Pour cela, voici la marche \u00e0 suivre :<\/p>\n<ol>\n<li>T\u00e9l\u00e9chargez l&rsquo;application sur Google Play (Android) ou App Store (Apple)<\/li>\n<li>Connectez l&rsquo;application \u00e0 la Wi-Fi ;<\/li>\n<li>Connectez le spa \u00e0 l&rsquo;application ;<\/li>\n<li>Programmez comme bon vous semble le spa via l&rsquo;application.<\/li>\n<\/ol>\n<p><img decoding=\"async\" class=\"size-medium wp-image-18145 aligncenter\" src=\"https:\/\/homejardins.com\/wp-content\/uploads\/2025\/06\/app-wifi-spa-400x203.webp\" alt=\"\" width=\"400\" height=\"203\" srcset=\"https:\/\/homejardins.com\/wp-content\/uploads\/2025\/06\/app-wifi-spa-400x203.webp 400w, https:\/\/homejardins.com\/wp-content\/uploads\/2025\/06\/app-wifi-spa-768x389.webp 768w, https:\/\/homejardins.com\/wp-content\/uploads\/2025\/06\/app-wifi-spa-430x218.webp 430w, https:\/\/homejardins.com\/wp-content\/uploads\/2025\/06\/app-wifi-spa-700x354.webp 700w, https:\/\/homejardins.com\/wp-content\/uploads\/2025\/06\/app-wifi-spa-150x76.webp 150w, https:\/\/homejardins.com\/wp-content\/uploads\/2025\/06\/app-wifi-spa.webp 800w\" sizes=\"(max-width: 400px) 100vw, 400px\" \/><\/p>\n<h3>Stabilit\u00e9 et confort gr\u00e2ce \u00e0 la technologie Fiber-Tech d&rsquo;Intex<\/h3>\n<p>Le spa gonflable Chevron 6 places, au\u00a0<strong>design ethnique original et \u00e9pur\u00e9<\/strong>, est compos\u00e9 d&rsquo;une structure extr\u00eamement r\u00e9sistante en\u00a0<strong>vinyle triple \u00e9paisseur<\/strong>.<\/p>\n<p>Par ailleurs, la\u00a0<strong>technologie Fiber-Tech<\/strong>, brevet exclusif Intex, allie\u00a0<strong>stabilit\u00e9 et confort d&rsquo;utilisation<\/strong>\u00a0pour un spa de haute qualit\u00e9. Les milliers de fibres internes qui composent sa structure apportent en effet une fermet\u00e9 et un confort incomparables.<\/p>\n<p>De plus, elle le rend l\u00e9ger, si bien que vous pouvez le transporter facilement (\u00e0 vide) \u00e0 l&rsquo;aide des poign\u00e9es int\u00e9gr\u00e9es.<\/p>\n<p>Vous l&rsquo;aurez bien compris, cette\u00a0<strong>structure gonflable haut de gamme<\/strong>\u00a0est tout simplement solide, l\u00e9g\u00e8re et confortable.<\/p>\n<p>A noter :\u00a0<strong>INTEX ne fournit plus de manom\u00e8tre depuis l&rsquo;ann\u00e9e 2018<\/strong>\u00a0car les structures gonflables int\u00e8grent d\u00e9sormais une valve de d\u00e9pressurisation capable de r\u00e9guler automatiquement la pression \u00e0 l&rsquo;int\u00e9rieur de la cuve. Cela limite fortement le risque de \u00ab\u00a0surpression\u00a0\u00bb de la cuve gonflable et en particulier lors des fortes chaleurs estivales.<\/p>\n<p><img decoding=\"async\" class=\"size-medium wp-image-18133 aligncenter\" src=\"https:\/\/homejardins.com\/wp-content\/uploads\/2025\/06\/28472ex_bloc-min-400x267.webp\" alt=\"\" width=\"400\" height=\"267\" srcset=\"https:\/\/homejardins.com\/wp-content\/uploads\/2025\/06\/28472ex_bloc-min-400x267.webp 400w, https:\/\/homejardins.com\/wp-content\/uploads\/2025\/06\/28472ex_bloc-min-768x512.webp 768w, https:\/\/homejardins.com\/wp-content\/uploads\/2025\/06\/28472ex_bloc-min-430x286.webp 430w, https:\/\/homejardins.com\/wp-content\/uploads\/2025\/06\/28472ex_bloc-min-700x466.webp 700w, https:\/\/homejardins.com\/wp-content\/uploads\/2025\/06\/28472ex_bloc-min-150x100.webp 150w, https:\/\/homejardins.com\/wp-content\/uploads\/2025\/06\/28472ex_bloc-min.webp 800w\" sizes=\"(max-width: 400px) 100vw, 400px\" \/><\/p>\n<p>Un bloc technique complet avec\u00a0<strong>panneau de contr\u00f4le tactile<\/strong>.<\/p>\n<h3><\/h3>\n<h3>L&rsquo;entretien du spa Intex Chevron 6 places :<\/h3>\n<ul>\n<li><strong>La filtration doit fonctionner TOUS LES JOURS<\/strong><\/li>\n<li>Vous avez le choix entre lancer la filtration \u00e0 l&rsquo;aide du timer (2\/4\/6h) ou programmer le chauffage et celui-ci lancera la filtration en continu.<\/li>\n<li>Pendant les grosses chaleurs estivales, filtrez en continue 24h\/24h car l&rsquo;eau peu vite tourner<\/li>\n<li>A noter : d\u00e8s que vous activez le chauffage, la filtration fonctionne en parall\u00e8le<\/li>\n<li>La cartouche doit \u00eatre nettoy\u00e9e 1 \u00e0 2 fois par semaine et remplac\u00e9e par une neuve tous les 15 jours<\/li>\n<li>1 fois par semaine, testez le pH et le taux de chlore avec des bandelettes test<\/li>\n<li>Le pH de l&rsquo;eau doit toujours se situer entre 7.0 et 7.4 pour le confort de baignade et l&rsquo;\u00e9fficacit\u00e9 des produits d&rsquo;entretien<\/li>\n<li>Ajustez si besoin le pH avec\u00a0du pH- ou pH+ (10 grammes pour varier de 0,1)<\/li>\n<li><strong>3,5 kg de sel pour piscine (avec ou sans stabilisant) sont n\u00e9cessaires au remplissage<\/strong><\/li>\n<li>Activez les diffuseurs \u00e0 bulles pour bien diluer le sel<\/li>\n<li>Si le code E91 appara\u00eet \u00e0 l&rsquo;\u00e9cran, c&rsquo;est qu&rsquo;il n&rsquo;y a pas assez de sel<\/li>\n<li><strong>La st\u00e9rilisation\u00a0au sel doit fonctionner\u00a0<\/strong><strong>chaque jour<\/strong>\u00a0: 5h si le taux de chlore est bas (Moins de 1,8mg\/L) et 3h s&rsquo;il est sup\u00e9rieur \u00e0 ce taux<\/li>\n<li><strong>En cas d&rsquo;absence sup\u00e9rieure \u00e0 6 jours sans filtration, videz l&rsquo;eau<\/strong><\/li>\n<li>L&rsquo;eau doit \u00eatre chang\u00e9e tous les 30 \u00e0 40 jours<\/li>\n<\/ul>\n<h2 data-start=\"5581\" data-end=\"5596\">FAQ<\/h2>\n<p data-start=\"5598\" data-end=\"5835\"><strong data-start=\"5598\" data-end=\"5650\">Q : Combien de temps pour chauffer 669 L d\u2019eau ?<\/strong><br data-start=\"5650\" data-end=\"5653\" \/><strong data-start=\"5653\" data-end=\"5660\">R :<\/strong>\u00a0En moyenne, comptez 12\u201314 heures pour passer de 15 \u00b0C \u00e0 38 \u00b0C (environ 1 \u00b0C\/heure). Pour optimiser la mont\u00e9e en temp\u00e9rature, activez la\u00a0<strong data-start=\"5797\" data-end=\"5834\">couverture thermique EnergySense\u2122<\/strong>.<\/p>\n<p data-start=\"5837\" data-end=\"6067\"><strong data-start=\"5837\" data-end=\"5885\">Q : Puis-je laisser le spa dehors en hiver ?<\/strong><br data-start=\"5885\" data-end=\"5888\" \/><strong data-start=\"5888\" data-end=\"5895\">R :<\/strong>\u00a0Oui, gr\u00e2ce au syst\u00e8me anti-gel\u00a0<strong data-start=\"5927\" data-end=\"5944\">Freezeshield\u2122<\/strong>, le spa continue \u00e0 chauffer la nuit tant que le c\u00e2ble est branch\u00e9 et que vous maintenez une temp\u00e9rature minimale de 10 \u00b0C.<\/p>\n<p data-start=\"6069\" data-end=\"6233\"><strong data-start=\"6069\" data-end=\"6109\">Q : Quelle consommation \u00e9lectrique ?<\/strong><br data-start=\"6109\" data-end=\"6112\" \/><strong data-start=\"6112\" data-end=\"6119\">R :<\/strong>\u00a0Puissance de la pompe+chauffage : 2,2 kW. Utilisation moyenne quotidienne : 1 kW\/h pour maintenir la temp\u00e9rature.<\/p>\n<p data-start=\"6235\" data-end=\"6421\"><strong data-start=\"6235\" data-end=\"6280\">Q : Type de produit chimique recommand\u00e9 ?<\/strong><br data-start=\"6280\" data-end=\"6283\" \/><strong data-start=\"6283\" data-end=\"6290\">R :<\/strong>\u00a0Nous pr\u00e9conisons l\u2019utilisation du\u00a0<strong data-start=\"6325\" data-end=\"6351\">diffuseur ChemConnect\u2122<\/strong>\u00a0avec pastilles de brome 4 g sp\u00e9cialement con\u00e7ues pour les spas Intex.<\/p>\n<h3><\/h3>\n<p>&nbsp;<\/p>\n","protected":false},"excerpt":{"rendered":"<p>\u2705 RETOUR\u00a0 FACILE EN\u00a0 30 JOURS<br \/>\n\u2705 2 ANS DE GARANTIE<br \/>\n\u2705 LIVRAISON GRATUITE\u00a0 EN 3 JOURS<\/p>\n<p>&nbsp;<\/p>\n","protected":false},"featured_media":18142,"template":"","meta":[],"product_brand":[],"product_cat":[266],"product_tag":[],"class_list":{"0":"post-18141","1":"product","2":"type-product","3":"status-publish","4":"has-post-thumbnail","6":"product_cat-spa-gonflable","8":"first","9":"instock","10":"sale","11":"taxable","12":"shipping-taxable","13":"purchasable","14":"product-type-simple"},"_links":{"self":[{"href":"https:\/\/homejardins.com\/index.php\/wp-json\/wp\/v2\/product\/18141","targetHints":{"allow":["GET"]}}],"collection":[{"href":"https:\/\/homejardins.com\/index.php\/wp-json\/wp\/v2\/product"}],"about":[{"href":"https:\/\/homejardins.com\/index.php\/wp-json\/wp\/v2\/types\/product"}],"version-history":[{"count":11,"href":"https:\/\/homejardins.com\/index.php\/wp-json\/wp\/v2\/product\/18141\/revisions"}],"predecessor-version":[{"id":18294,"href":"https:\/\/homejardins.com\/index.php\/wp-json\/wp\/v2\/product\/18141\/revisions\/18294"}],"wp:featuredmedia":[{"embeddable":true,"href":"https:\/\/homejardins.com\/index.php\/wp-json\/wp\/v2\/media\/18142"}],"wp:attachment":[{"href":"https:\/\/homejardins.com\/index.php\/wp-json\/wp\/v2\/media?parent=18141"}],"wp:term":[{"taxonomy":"product_brand","embeddable":true,"href":"https:\/\/homejardins.com\/index.php\/wp-json\/wp\/v2\/product_brand?post=18141"},{"taxonomy":"product_cat","embeddable":true,"href":"https:\/\/homejardins.com\/index.php\/wp-json\/wp\/v2\/product_cat?post=18141"},{"taxonomy":"product_tag","embeddable":true,"href":"https:\/\/homejardins.com\/index.php\/wp-json\/wp\/v2\/product_tag?post=18141"}],"curies":[{"name":"wp","href":"https:\/\/api.w.org\/{rel}","templated":true}]}}