{"id":18297,"date":"2025-06-28T21:31:02","date_gmt":"2025-06-28T19:31:02","guid":{"rendered":"https:\/\/homejardins.com\/?post_type=product&#038;p=18297"},"modified":"2025-06-28T21:31:02","modified_gmt":"2025-06-28T19:31:02","slug":"lot-2-bains-de-soleil-jaipur-resine-imitation-rotin-tresse-coussin-dossier-reglable-beige-cappucino","status":"publish","type":"product","link":"https:\/\/homejardins.com\/index.php\/produit\/lot-2-bains-de-soleil-jaipur-resine-imitation-rotin-tresse-coussin-dossier-reglable-beige-cappucino\/","title":{"rendered":"Lot 2 Bains de soleil JAIPUR &#8211; R\u00e9sine imitation rotin tress\u00e9 &#8211; Coussin &#8211; Dossier r\u00e9glable &#8211; Beige cappucino"},"content":{"rendered":"<div class=\"o-text\">\n<p>Ce lot de 2 bains de soleil \u00e9l\u00e9gant et l\u00e9ger est en r\u00e9sine inject\u00e9e de couleur beige cappuccino. Design, il s&rsquo;adapte \u00e0 tout type d&rsquo;ext\u00e9rieur. Son coussin confortable et son dossier r\u00e9glable sur 4 positions r\u00e9pondront \u00e0 tous vos besoins. Il est \u00e0 monter soi-m\u00eame. Les dimensions sont : 187x58x29 cm (hors coussin).<\/p>\n<\/div>\n<table class=\"table table--fpDescTb\" role=\"table\" aria-label=\"Caract\u00e9ristiques du produit\">\n<caption class=\"u-visually-hidden\">Tableau de caract\u00e9ristiques du produit<\/caption>\n<thead class=\"table__header u-visually-hidden\" role=\"rowgroup\">\n<tr class=\"table__row\" role=\"row\">\n<th class=\"table__cell\" role=\"columnheader\" scope=\"col\" aria-sort=\"none\" aria-rowindex=\"1\">Caract\u00e9ristique<\/th>\n<th class=\"table__cell\" role=\"columnheader\" scope=\"col\" aria-sort=\"none\" aria-rowindex=\"1\">Description<\/th>\n<\/tr>\n<\/thead>\n<tbody class=\"table__body\" role=\"rowgroup\">\n<tr class=\"table__row\" role=\"row\">\n<th class=\"table__head\" role=\"cell\" colspan=\"2\" scope=\"col\">Informations g\u00e9n\u00e9rales sur le produit<\/th>\n<\/tr>\n<tr class=\"table__row\" role=\"row\">\n<th class=\"table__cell\" role=\"cell\" scope=\"row\">Marque<\/th>\n<td class=\"table__cell\" role=\"cell\">ALLIBERT by KETER<\/td>\n<\/tr>\n<tr class=\"table__row\" role=\"row\">\n<th class=\"table__cell\" role=\"cell\" scope=\"row\">Nom du produit<\/th>\n<td class=\"table__cell\" role=\"cell\">Lot 2 Bains de soleil JAIPUR &#8211; R\u00e9sine imitation rotin tress\u00e9 &#8211; Coussin &#8211; Dossier r\u00e9glable &#8211; Beige cappucino &#8211; Allibert by Keter<\/td>\n<\/tr>\n<tr class=\"table__row\" role=\"row\">\n<th class=\"table__cell\" role=\"cell\" scope=\"row\">Cat\u00e9gorie<\/th>\n<td class=\"table__cell\" role=\"cell\">CHAISE LONGUE<\/td>\n<\/tr>\n<tr class=\"table__row\" role=\"row\">\n<th class=\"table__cell\" role=\"cell\" scope=\"row\">R\u00e9f\u00e9rence<\/th>\n<td class=\"table__cell\" role=\"cell\">JAIPURCUSHCAx2<\/td>\n<\/tr>\n<tr class=\"table__row\" role=\"row\">\n<th class=\"table__head\" role=\"cell\" colspan=\"2\" scope=\"col\">Sp\u00e9cificit\u00e9s Web Destockage<\/th>\n<\/tr>\n<tr class=\"table__row\" role=\"row\">\n<th class=\"table__cell\" role=\"cell\" scope=\"row\">Sous-\u00e9tat<\/th>\n<td class=\"table__cell\" role=\"cell\">Neuf<\/td>\n<\/tr>\n<tr class=\"table__row\" role=\"row\">\n<th class=\"table__head\" role=\"cell\" colspan=\"2\" scope=\"col\">G\u00e9n\u00e9ral<\/th>\n<\/tr>\n<tr class=\"table__row\" role=\"row\">\n<th class=\"table__cell\" role=\"cell\" scope=\"row\">Cat\u00e9gorie de produit<\/th>\n<td class=\"table__cell\" role=\"cell\">Meuble de jardin<\/td>\n<\/tr>\n<tr class=\"table__row\" role=\"row\">\n<th class=\"table__cell\" role=\"cell\" scope=\"row\">Type de Produit<\/th>\n<td class=\"table__cell\" role=\"cell\">Transat 4 positions beige avec coussin<\/td>\n<\/tr>\n<tr class=\"table__row\" role=\"row\">\n<th class=\"table__cell\" role=\"cell\" scope=\"row\">Mod\u00e8les<\/th>\n<td class=\"table__cell\" role=\"cell\">JAIPUR<\/td>\n<\/tr>\n<tr class=\"table__row\" role=\"row\">\n<th class=\"table__cell\" role=\"cell\" scope=\"row\">Composition du lot<\/th>\n<td class=\"table__cell\" role=\"cell\">2 Bains de soleil avec coussin.<\/td>\n<\/tr>\n<tr class=\"table__row\" role=\"row\">\n<th class=\"table__cell\" role=\"cell\" scope=\"row\">Type de pi\u00e8ce<\/th>\n<td class=\"table__cell\" role=\"cell\">Jardin<\/td>\n<\/tr>\n<tr class=\"table__row\" role=\"row\">\n<th class=\"table__cell\" role=\"cell\" scope=\"row\">Type de public<\/th>\n<td class=\"table__cell\" role=\"cell\">Adulte<\/td>\n<\/tr>\n<tr class=\"table__row\" role=\"row\">\n<th class=\"table__cell\" role=\"cell\" scope=\"row\">Utilisation<\/th>\n<td class=\"table__cell\" role=\"cell\">Ext\u00e9rieur<\/td>\n<\/tr>\n<tr class=\"table__row\" role=\"row\">\n<th class=\"table__cell\" role=\"cell\" scope=\"row\">Certifications et normes<\/th>\n<td class=\"table__cell\" role=\"cell\">EN 581-1 et EN 581-2<\/td>\n<\/tr>\n<tr class=\"table__row\" role=\"row\">\n<th class=\"table__cell\" role=\"cell\" scope=\"row\">Mentions l\u00e9gales<\/th>\n<td class=\"table__cell\" role=\"cell\">Produit destin\u00e9 \u00e0 un usage domestique<\/td>\n<\/tr>\n<tr class=\"table__row\" role=\"row\">\n<th class=\"table__cell\" role=\"cell\" scope=\"row\">Pays d&rsquo;origine<\/th>\n<td class=\"table__cell\" role=\"cell\">Pays-Bas<\/td>\n<\/tr>\n<tr class=\"table__row\" role=\"row\">\n<th class=\"table__cell\" role=\"cell\" scope=\"row\">Nombre de personnes<\/th>\n<td class=\"table__cell\" role=\"cell\">2 personnes<\/td>\n<\/tr>\n<tr class=\"table__row\" role=\"row\">\n<th class=\"table__cell\" role=\"cell\" scope=\"row\">Style<\/th>\n<td class=\"table__cell\" role=\"cell\">Urbain<\/td>\n<\/tr>\n<tr class=\"table__row\" role=\"row\">\n<th class=\"table__cell\" role=\"cell\" scope=\"row\">Op\u00e9rateur \u00e9conomique responsable de la s\u00e9curit\u00e9 du produit vendu sur la marketplace<\/th>\n<td class=\"table__cell\" role=\"cell\">Voir rubrique Infos vendeur \/ CGV &amp; Politique de retour.<\/td>\n<\/tr>\n<tr class=\"table__row\" role=\"row\">\n<th class=\"table__cell\" role=\"cell\" scope=\"row\">Op\u00e9rateur \u00e9conomique responsable de la s\u00e9curit\u00e9 du produit vendu par Cdiscount<\/th>\n<td class=\"table__cell\" role=\"cell\">Nom : JARDIN NETHERLANDS BV | Adresse postale : Ericssonstraat 17, 5121 Mk RIJEN &#8211; THE NETHERLANDS | Adresse \u00e9lectronique :\u00a0gpsr.ketereu@keter.com<\/td>\n<\/tr>\n<tr class=\"table__row\" role=\"row\">\n<th class=\"table__head\" role=\"cell\" colspan=\"2\" scope=\"col\">Caract\u00e9ristiques meuble<\/th>\n<\/tr>\n<tr class=\"table__row\" role=\"row\">\n<th class=\"table__cell\" role=\"cell\" scope=\"row\">Plus produit<\/th>\n<td class=\"table__cell\" role=\"cell\">Livr\u00e9 avec coussin &#8211; Imitation rotin tress\u00e9 &#8211; Dossier r\u00e9glable 4 positions &#8211; peut \u00eatre d\u00e9mont\u00e9 pour un rangement facilit\u00e9 &#8211; Fabrication europ\u00e9enne &#8211; Ne rouille pas &#8211; Traitement anti-UV &#8211; Entretien de la structure facile avec de l\u2019eau et du savon &#8211; Fabriqu\u00e9 \u00e0 partir de mati\u00e8res recycl\u00e9es<\/td>\n<\/tr>\n<tr class=\"table__row\" role=\"row\">\n<th class=\"table__cell\" role=\"cell\" scope=\"row\">Description du produit<\/th>\n<td class=\"table__cell\" role=\"cell\">Ce lot de deux bains de soleil de couleur beige cappuccino est en r\u00e9sine inject\u00e9e imitation rotin tress\u00e9. Son dossier est r\u00e9glable sur 4 positions pour plus de confort. Il est vendu avec un coussin en polycoton d&rsquo;une \u00e9paisseur de 3 cm. A monter soi-m\u00eame. Dimensions : 187x58x29 cm (sans coussin).<\/td>\n<\/tr>\n<tr class=\"table__row\" role=\"row\">\n<th class=\"table__cell\" role=\"cell\" scope=\"row\">Mati\u00e8re de la structure<\/th>\n<td class=\"table__cell\" role=\"cell\">R\u00e9sine de synth\u00e8se (polypropyl\u00e8ne Caco3)<\/td>\n<\/tr>\n<tr class=\"table__row\" role=\"row\">\n<th class=\"table__cell\" role=\"cell\" scope=\"row\">Mati\u00e8re de la structure<\/th>\n<td class=\"table__cell\" role=\"cell\">Plastique &#8211; R\u00e9sine<\/td>\n<\/tr>\n<tr class=\"table__row\" role=\"row\">\n<th class=\"table__cell\" role=\"cell\" scope=\"row\">Finition &amp; D\u00e9cor<\/th>\n<td class=\"table__cell\" role=\"cell\">Imitation rotin tress\u00e9<\/td>\n<\/tr>\n<tr class=\"table__row\" role=\"row\">\n<th class=\"table__cell\" role=\"cell\" scope=\"row\">Forme<\/th>\n<td class=\"table__cell\" role=\"cell\">Droit<\/td>\n<\/tr>\n<tr class=\"table__row\" role=\"row\">\n<th class=\"table__cell\" role=\"cell\" scope=\"row\">Mati\u00e8re du rev\u00eatement<\/th>\n<td class=\"table__cell\" role=\"cell\">Plastique &#8211; R\u00e9sine<br \/>\nTissu<\/td>\n<\/tr>\n<tr class=\"table__row\" role=\"row\">\n<th class=\"table__cell\" role=\"cell\" scope=\"row\">Finition<\/th>\n<td class=\"table__cell\" role=\"cell\">Mat<\/td>\n<\/tr>\n<tr class=\"table__row\" role=\"row\">\n<th class=\"table__cell\" role=\"cell\" scope=\"row\">Motifs<\/th>\n<td class=\"table__cell\" role=\"cell\">Uni<\/td>\n<\/tr>\n<tr class=\"table__row\" role=\"row\">\n<th class=\"table__cell\" role=\"cell\" scope=\"row\">Fonction \/ Usage<\/th>\n<td class=\"table__cell\" role=\"cell\">Relaxation<\/td>\n<\/tr>\n<tr class=\"table__row\" role=\"row\">\n<th class=\"table__cell\" role=\"cell\" scope=\"row\">Nombre de pieds<\/th>\n<td class=\"table__cell\" role=\"cell\">6<\/td>\n<\/tr>\n<tr class=\"table__row\" role=\"row\">\n<th class=\"table__cell\" role=\"cell\" scope=\"row\">Mobilit\u00e9<\/th>\n<td class=\"table__cell\" role=\"cell\">Fixe<\/td>\n<\/tr>\n<tr class=\"table__row\" role=\"row\">\n<th class=\"table__cell\" role=\"cell\" scope=\"row\">Traitement de protection<\/th>\n<td class=\"table__cell\" role=\"cell\">Protection anti-UV<\/td>\n<\/tr>\n<tr class=\"table__row\" role=\"row\">\n<th class=\"table__cell\" role=\"cell\" scope=\"row\">Couleur principale<\/th>\n<td class=\"table__cell\" role=\"cell\">Beige<\/td>\n<\/tr>\n<tr class=\"table__row\" role=\"row\">\n<th class=\"table__cell\" role=\"cell\" scope=\"row\">Couleur(s)<\/th>\n<td class=\"table__cell\" role=\"cell\">Beige Cappuccino<\/td>\n<\/tr>\n<tr class=\"table__row\" role=\"row\">\n<th class=\"table__cell\" role=\"cell\" scope=\"row\">Mati\u00e8re des chaises<\/th>\n<td class=\"table__cell\" role=\"cell\">Plastique \u2013 R\u00e9sine<\/td>\n<\/tr>\n<tr class=\"table__row\" role=\"row\">\n<th class=\"table__head\" role=\"cell\" colspan=\"2\" scope=\"col\">Caract\u00e9ristiques assise<\/th>\n<\/tr>\n<tr class=\"table__row\" role=\"row\">\n<th class=\"table__cell\" role=\"cell\" scope=\"row\">D\u00e9houssable<\/th>\n<td class=\"table__cell\" role=\"cell\">Non<\/td>\n<\/tr>\n<tr class=\"table__row\" role=\"row\">\n<th class=\"table__cell\" role=\"cell\" scope=\"row\">Garnissage<\/th>\n<td class=\"table__cell\" role=\"cell\">Fibre de polyester<\/td>\n<\/tr>\n<tr class=\"table__row\" role=\"row\">\n<th class=\"table__cell\" role=\"cell\" scope=\"row\">Densit\u00e9 de l&rsquo;assise<\/th>\n<td class=\"table__cell\" role=\"cell\">18 kg\/m3<\/td>\n<\/tr>\n<tr class=\"table__row\" role=\"row\">\n<th class=\"table__cell\" role=\"cell\" scope=\"row\">Type de mousse<\/th>\n<td class=\"table__cell\" role=\"cell\">Mousse polyur\u00e9thane<\/td>\n<\/tr>\n<tr class=\"table__row\" role=\"row\">\n<th class=\"table__cell\" role=\"cell\" scope=\"row\">Epaisseur du coussin<\/th>\n<td class=\"table__cell\" role=\"cell\">3 cm<\/td>\n<\/tr>\n<tr class=\"table__row\" role=\"row\">\n<th class=\"table__cell\" role=\"cell\" scope=\"row\">Soutien<\/th>\n<td class=\"table__cell\" role=\"cell\">Ferme<\/td>\n<\/tr>\n<tr class=\"table__row\" role=\"row\">\n<th class=\"table__cell\" role=\"cell\" scope=\"row\">Avec roues<\/th>\n<td class=\"table__cell\" role=\"cell\">Non<\/td>\n<\/tr>\n<tr class=\"table__row\" role=\"row\">\n<th class=\"table__head\" role=\"cell\" colspan=\"2\" scope=\"col\">Dimensions et poids<\/th>\n<\/tr>\n<tr class=\"table__row\" role=\"row\">\n<th class=\"table__cell\" role=\"cell\" scope=\"row\">Longueur<\/th>\n<td class=\"table__cell\" role=\"cell\">187 cm<\/td>\n<\/tr>\n<tr class=\"table__row\" role=\"row\">\n<th class=\"table__cell\" role=\"cell\" scope=\"row\">Largeur (profondeur)<\/th>\n<td class=\"table__cell\" role=\"cell\">58 cm<\/td>\n<\/tr>\n<tr class=\"table__row\" role=\"row\">\n<th class=\"table__cell\" role=\"cell\" scope=\"row\">Hauteur<\/th>\n<td class=\"table__cell\" role=\"cell\">29 cm<\/td>\n<\/tr>\n<tr class=\"table__row\" role=\"row\">\n<th class=\"table__cell\" role=\"cell\" scope=\"row\">Dimensions (L x p x h)<\/th>\n<td class=\"table__cell\" role=\"cell\">187,5x58x29 cm<\/td>\n<\/tr>\n<tr class=\"table__row\" role=\"row\">\n<th class=\"table__cell\" role=\"cell\" scope=\"row\">Poids (Jusqu&rsquo;\u00e0)<\/th>\n<td class=\"table__cell\" role=\"cell\">100 kg<\/td>\n<\/tr>\n<tr class=\"table__row\" role=\"row\">\n<th class=\"table__cell\" role=\"cell\" scope=\"row\">Hauteur &#8211; assise<\/th>\n<td class=\"table__cell\" role=\"cell\">29 cm<\/td>\n<\/tr>\n<tr class=\"table__row\" role=\"row\">\n<th class=\"table__cell\" role=\"cell\" scope=\"row\">Hauteur du dossier<\/th>\n<td class=\"table__cell\" role=\"cell\">66 cm<\/td>\n<\/tr>\n<tr class=\"table__row\" role=\"row\">\n<th class=\"table__head\" role=\"cell\" colspan=\"2\" scope=\"col\">Montage<\/th>\n<\/tr>\n<tr class=\"table__row\" role=\"row\">\n<th class=\"table__cell\" role=\"cell\" scope=\"row\">Montage<\/th>\n<td class=\"table__cell\" role=\"cell\">A monter soi-m\u00eame<\/td>\n<\/tr>\n<tr class=\"table__row\" role=\"row\">\n<th class=\"table__cell\" role=\"cell\" scope=\"row\">Conseil de montage<\/th>\n<td class=\"table__cell\" role=\"cell\">pas d&rsquo;outil n\u00e9cessaire<\/td>\n<\/tr>\n<tr class=\"table__row\" role=\"row\">\n<th class=\"table__cell\" role=\"cell\" scope=\"row\">Temps de montage<\/th>\n<td class=\"table__cell\" role=\"cell\">15 mn<\/td>\n<\/tr>\n<\/tbody>\n<\/table>\n","protected":false},"excerpt":{"rendered":"<div class=\"u-text--body u-fw--bold\"><\/div>\n<div>Mati\u00e8re de la structure\u00a0R\u00e9sine de synth\u00e8se (polypropyl\u00e8ne Caco3)<\/div>\n<div>Mati\u00e8re du rev\u00eatement\u00a0Plastique &#8211; R\u00e9sine, Tissu<\/div>\n<div>Couleur(s)\u00a0Beige Cappuccino<\/div>\n<div>Composition du lot\u00a02 Bains de soleil avec coussin.<\/div>\n<div><\/div>\n<div>\u2705 RETOUR\u00a0 FACILE EN\u00a0 30 JOURS<br \/>\n\u2705 2 ANS DE GARANTIE<br \/>\n\u2705 LIVRAISON GRATUITE\u00a0 EN 3 JOURS<\/div>\n<div><\/div>\n<div><\/div>\n","protected":false},"featured_media":18300,"template":"","meta":[],"product_brand":[],"product_cat":[268],"product_tag":[],"class_list":{"0":"post-18297","1":"product","2":"type-product","3":"status-publish","4":"has-post-thumbnail","6":"product_cat-transat-de-jardin","8":"first","9":"instock","10":"sale","11":"taxable","12":"shipping-taxable","13":"purchasable","14":"product-type-simple"},"_links":{"self":[{"href":"https:\/\/homejardins.com\/index.php\/wp-json\/wp\/v2\/product\/18297","targetHints":{"allow":["GET"]}}],"collection":[{"href":"https:\/\/homejardins.com\/index.php\/wp-json\/wp\/v2\/product"}],"about":[{"href":"https:\/\/homejardins.com\/index.php\/wp-json\/wp\/v2\/types\/product"}],"version-history":[{"count":1,"href":"https:\/\/homejardins.com\/index.php\/wp-json\/wp\/v2\/product\/18297\/revisions"}],"predecessor-version":[{"id":18301,"href":"https:\/\/homejardins.com\/index.php\/wp-json\/wp\/v2\/product\/18297\/revisions\/18301"}],"wp:featuredmedia":[{"embeddable":true,"href":"https:\/\/homejardins.com\/index.php\/wp-json\/wp\/v2\/media\/18300"}],"wp:attachment":[{"href":"https:\/\/homejardins.com\/index.php\/wp-json\/wp\/v2\/media?parent=18297"}],"wp:term":[{"taxonomy":"product_brand","embeddable":true,"href":"https:\/\/homejardins.com\/index.php\/wp-json\/wp\/v2\/product_brand?post=18297"},{"taxonomy":"product_cat","embeddable":true,"href":"https:\/\/homejardins.com\/index.php\/wp-json\/wp\/v2\/product_cat?post=18297"},{"taxonomy":"product_tag","embeddable":true,"href":"https:\/\/homejardins.com\/index.php\/wp-json\/wp\/v2\/product_tag?post=18297"}],"curies":[{"name":"wp","href":"https:\/\/api.w.org\/{rel}","templated":true}]}}