{"id":18353,"date":"2025-06-29T13:00:25","date_gmt":"2025-06-29T11:00:25","guid":{"rendered":"https:\/\/homejardins.com\/?post_type=product&#038;p=18353"},"modified":"2025-06-29T13:03:47","modified_gmt":"2025-06-29T11:03:47","slug":"goplus-parasol-de-jardin-exterieur-avec-pied-4m-parasol-double-face-avec-led-manivelle-et-ventilation-grand-parasol-exterieur-pour-6-personnes-pour-marche-piscine-terrasse-balcon-cafe","status":"publish","type":"product","link":"https:\/\/homejardins.com\/index.php\/produit\/goplus-parasol-de-jardin-exterieur-avec-pied-4m-parasol-double-face-avec-led-manivelle-et-ventilation-grand-parasol-exterieur-pour-6-personnes-pour-marche-piscine-terrasse-balcon-cafe\/","title":{"rendered":"GOPLUS Parasol de Jardin Exterieur avec Pied, 4M Parasol Double Face avec LED, Manivelle et Ventilation, Grand Parasol Ext\u00e9rieur pour 6 Personnes pour March\u00e9, Piscine, Terrasse, Balcon (Caf\u00e9)"},"content":{"rendered":"<ul class=\"a-unordered-list a-vertical a-spacing-mini\">\n<li class=\"a-spacing-mini\"><span class=\"a-list-item\">\ud83c\udf25\ufe0fGrande Zone de Couverture : Am\u00e9liorez votre confort ext\u00e9rieur avec notre parasol double de 398 cm x 200 cm. Il est dot\u00e9 d\u2019\u00e9vents, vous permettant de cr\u00e9er une oasis rafra\u00eechissante sur n&rsquo;importe quelle terrasse, jardin ou bord de piscine, offrant ainsi une \u00e9vasion spacieuse sans les rayons du soleil nocifs.<\/span><\/li>\n<li class=\"a-spacing-mini\"><span class=\"a-list-item\">\ud83c\udf25\ufe0f32 Lumi\u00e8res LED : Avec 32 lumi\u00e8res LED int\u00e9gr\u00e9es qui s&rsquo;activent sur simple pression d&rsquo;un bouton, ce magnifique parasol peut \u00e9clairer de jour comme de nuit. Le parasol extra-large projette jusqu&rsquo;\u00e0 8 heures d&rsquo;\u00e9clairage apr\u00e8s le coucher du soleil, transformant votre espace ext\u00e9rieur en un cadre captivant pour des divertissements en soir\u00e9e sans fin.<\/span><\/li>\n<li class=\"a-spacing-mini\"><span class=\"a-list-item\">\ud83c\udf25\ufe0fToile en Tissu Enduit : Fabriqu\u00e9 \u00e0 partir de tissu teint en fil de haute qualit\u00e9, ce parasol d&rsquo;ext\u00e9rieur est r\u00e9sistant \u00e0 la d\u00e9coloration et durable. En outre, le rev\u00eatement protecteur PA lui permet de r\u00e9sister \u00e0 la pluie l\u00e9g\u00e8re tout en offrant un refuge fiable pour toutes vos activit\u00e9s en plein air.<\/span><\/li>\n<li class=\"a-spacing-mini\"><span class=\"a-list-item\">\ud83c\udf25\ufe0fUtilisation S\u00fbre et Stable : Ce grand parasol de jardin est dot\u00e9 d&rsquo;un poteau m\u00e9tallique robuste et de 12 nervures r\u00e9silientes pour un soutien in\u00e9branlable. L&rsquo;incorporation d&rsquo;une goupille de s\u00e9curit\u00e9 emp\u00eache efficacement les effondrements accidentels, garantissant ainsi une utilisation s\u00fbre.<\/span><\/li>\n<li class=\"a-spacing-mini\"><span class=\"a-list-item\">\ud83c\udf25\ufe0fUtilisation et Rangement Faciles : Gr\u00e2ce \u00e0 un syst\u00e8me intuitif de manivelle, ce parasol \u00e9clair\u00e9 d&rsquo;ext\u00e9rieur s&rsquo;ouvre et se ferme rapidement, permettant un fonctionnement sans tracas. Il comporte une base crois\u00e9e qui peut \u00eatre lest\u00e9e avec du sable pour une stabilit\u00e9 sup\u00e9rieure contre le vent, et lorsqu&rsquo;il n&rsquo;est pas utilis\u00e9, une sangle maintient le parasol soigneusement rang\u00e9.<\/span><\/li>\n<\/ul>\n","protected":false},"excerpt":{"rendered":"<table class=\"a-normal a-spacing-micro\">\n<tbody>\n<tr class=\"a-spacing-small po-brand\">\n<td class=\"a-span3\"><span class=\"a-size-base a-text-bold\">Marque<\/span><\/td>\n<td class=\"a-span9\"><span class=\"a-size-base po-break-word\">GOPLUS<\/span><\/td>\n<\/tr>\n<tr class=\"a-spacing-small po-color\">\n<td class=\"a-span3\"><span class=\"a-size-base a-text-bold\">Couleur<\/span><\/td>\n<td class=\"a-span9\"><span class=\"a-size-base po-break-word\">Caf\u00e9<\/span><\/td>\n<\/tr>\n<tr class=\"a-spacing-small po-specific_uses_for_product\">\n<td class=\"a-span3\"><span class=\"a-size-base a-text-bold\">Usages sp\u00e9cifiques pour le produit<\/span><\/td>\n<td class=\"a-span9\"><span class=\"a-size-base po-break-word\">Soleil<\/span><\/td>\n<\/tr>\n<tr class=\"a-spacing-small po-recommended_uses_for_product\">\n<td class=\"a-span3\"><span class=\"a-size-base a-text-bold\">Usages recommand\u00e9s pour le produit<\/span><\/td>\n<td class=\"a-span9\"><span class=\"a-size-base po-break-word\">Sable, Piscine, Patio<\/span><\/td>\n<\/tr>\n<tr class=\"a-spacing-small po-target_audience\">\n<td class=\"a-span3\"><span class=\"a-size-base a-text-bold\">Public cible<\/span><\/td>\n<td class=\"a-span9\"><span class=\"a-size-base po-break-word\">Adulte<\/span><\/td>\n<\/tr>\n<tr class=\"a-spacing-small po-special_feature\">\n<td class=\"a-span3\"><span class=\"a-size-base a-text-bold\">Caract\u00e9ristique sp\u00e9ciale<\/span><\/td>\n<td class=\"a-span9\"><span class=\"a-size-base po-break-word\">R\u00e9sistant \u00e0 l&rsquo;UV, R\u00e9sistant \u00e0 l&rsquo;eau, Tissu r\u00e9sistant<\/span><\/td>\n<\/tr>\n<tr class=\"a-spacing-small po-item_shape\">\n<td class=\"a-span3\"><span class=\"a-size-base a-text-bold\">Forme<\/span><\/td>\n<td class=\"a-span9\"><span class=\"a-size-base po-break-word\">Rectangulaire<\/span><\/td>\n<\/tr>\n<tr class=\"a-spacing-small po-shaft.material\">\n<td class=\"a-span3\"><span class=\"a-size-base a-text-bold\">Mat\u00e9riau de la tige<\/span><\/td>\n<td class=\"a-span9\"><span class=\"a-size-base po-break-word\">M\u00e9tal<\/span><\/td>\n<\/tr>\n<tr class=\"a-spacing-small po-handle.material\">\n<td class=\"a-span3\"><span class=\"a-size-base a-text-bold\">Mat\u00e9riau de la poign\u00e9e<\/span><\/td>\n<td class=\"a-span9\"><span class=\"a-size-base po-break-word\">M\u00e9tal<\/span><\/td>\n<\/tr>\n<tr class=\"a-spacing-small po-frame.material\">\n<td class=\"a-span3\"><span class=\"a-size-base a-text-bold\">Mat\u00e9riau du cadre<\/span><\/td>\n<td class=\"a-span9\"><span class=\"a-size-base po-break-word\">M\u00e9tal<\/span><\/td>\n<\/tr>\n<\/tbody>\n<\/table>\n<p>&nbsp;<\/p>\n<p>\u2705 RETOUR\u00a0 FACILE EN\u00a0 30 JOURS<br \/>\n\u2705 2 ANS DE GARANTIE<br \/>\n\u2705 LIVRAISON GRATUITE\u00a0 EN 3 JOURS<\/p>\n","protected":false},"featured_media":18362,"template":"","meta":[],"product_brand":[],"product_cat":[265],"product_tag":[],"class_list":{"0":"post-18353","1":"product","2":"type-product","3":"status-publish","4":"has-post-thumbnail","6":"product_cat-parasols","8":"first","9":"instock","10":"sale","11":"taxable","12":"shipping-taxable","13":"purchasable","14":"product-type-simple"},"_links":{"self":[{"href":"https:\/\/homejardins.com\/index.php\/wp-json\/wp\/v2\/product\/18353","targetHints":{"allow":["GET"]}}],"collection":[{"href":"https:\/\/homejardins.com\/index.php\/wp-json\/wp\/v2\/product"}],"about":[{"href":"https:\/\/homejardins.com\/index.php\/wp-json\/wp\/v2\/types\/product"}],"version-history":[{"count":1,"href":"https:\/\/homejardins.com\/index.php\/wp-json\/wp\/v2\/product\/18353\/revisions"}],"predecessor-version":[{"id":18363,"href":"https:\/\/homejardins.com\/index.php\/wp-json\/wp\/v2\/product\/18353\/revisions\/18363"}],"wp:featuredmedia":[{"embeddable":true,"href":"https:\/\/homejardins.com\/index.php\/wp-json\/wp\/v2\/media\/18362"}],"wp:attachment":[{"href":"https:\/\/homejardins.com\/index.php\/wp-json\/wp\/v2\/media?parent=18353"}],"wp:term":[{"taxonomy":"product_brand","embeddable":true,"href":"https:\/\/homejardins.com\/index.php\/wp-json\/wp\/v2\/product_brand?post=18353"},{"taxonomy":"product_cat","embeddable":true,"href":"https:\/\/homejardins.com\/index.php\/wp-json\/wp\/v2\/product_cat?post=18353"},{"taxonomy":"product_tag","embeddable":true,"href":"https:\/\/homejardins.com\/index.php\/wp-json\/wp\/v2\/product_tag?post=18353"}],"curies":[{"name":"wp","href":"https:\/\/api.w.org\/{rel}","templated":true}]}}